ppose -3*d - 7 = -4*q, -4*d + 3*q = -0*q. Let o(u) = -d + u**2 - 2*u + 5*u - 2*u**2. Let g = 42 + -38. Determine o(g).
-7
Let s(y) = 1 - 5*y + 4*y + 4*y. Let d(g) = -14*g + 55. Let l be d(4). Determine s(l).
-2
Let g(d) = -5*d**2 + 1. Let s = 2 + -1. What is g(s)?
-4
Let m(o) = 5*o + 3 + 2*o + 5*o - 6*o. What is m(-3)?
-15
Let x(w) = w**3 + 3*w**2 + 3*w + 1. Let r(q) = 0 + q - 1 + 5 + 0. Let m be r(-2). Suppose -m*p = p + 6. Determine x(p).
-1
Let v(z) = -6*z**3 - z**2 - z. Let w(s) be the second derivative of -s**5/20 + 7*s**4/12 - 5*s**3/6 - 7*s**2/2 + 3*s. Let x be w(6). Give v(x).
6
Let z = -2 + 11. Suppose z*n = 4*n + 5. Let y(w) = -6*w. Calculate y(n).
-6
Let j(s) be the second derivative of s**3/6 - 7*s**2/2 - s + 10. Determine j(-5).
-12
Suppose 13*l + 15 = 18*l. Let b(u) = -6*u**l - u + 3*u - 1 + 2. Calculate b(-1).
5
Let p(i) = -i + 2. Let b(d) = -d**3 - 5*d**2 - 6*d - 4. Let k be b(-4). Suppose -5*x = r - 0*r + 1, -4*r - k = -4*x. Calculate p(x).
2
Let m(n) = -n + 3. Let o(t) = 3*t - 5. Let z(a) = 7*m(a) + 4*o(a). Calculate z(-3).
-14
Let k(j) = j**2 - 5. Suppose -5*z + 4 = -2*w, 4*z - 14 = -2*w - 0*z. Suppose -3*l = -8*l - 2*m + 6, -5*l = m - w. Determine k(l).
-5
Let w(a) = -3*a**3 - 1. Let r(k) = -k**3 + 11*k**2 - 9*k - 11. Let l be r(10). Calculate w(l).
2
Let a(b) = -b - 2. Let k = 11 + -6. Give a(k).
-7
Let k(n) = -n**2 - n + 2. Suppose -g - 1 = 2*d, -2*g = g - d - 18. Suppose 0 = 4*t - g - 3. Determine k(t).
-4
Let y(h) = -5 - h**3 - h**3 + h**3 + 3 + 3*h**2. Give y(2).
2
Let x be 16/3 - 5/15. Let y(c) = 2*c - 4. What is y(x)?
6
Let g(h) = -h**2. Let p(u) = -14*u**2 + u - 1. Let x(d) = d**2 + 1. Let k(n) = -p(n) - 2*x(n). Let q(t) = 4*g(t) + k(t). What is q(-1)?
8
Let c be (5 - 2) + (-3 - -2). Let l(j) = 24*j**2 + j - 26*j**c - 4*j. Give l(-2).
-2
Let i(d) be the third derivative of d**2 + 0*d + 1/6*d**3 - 1/60*d**5 + 1/4*d**4 + 0. Calculate i(5).
6
Let p(v) be the first derivative of -v**3/3 + 3*v**2 + 5*v - 8. Calculate p(4).
13
Let p be (-16)/12*(1 - -2). Let r(t) = -t - 1. Let v(c) = -3 + 3 - 3 + 2. Let q(f) = p*v(f) + 3*r(f). What is q(2)?
-5
Let o be -3 - (-95)/20 - (-6)/(-8). Let m(q) = 3*q**3 - q**2 + q - 1. Give m(o).
2
Let m(n) = -n**2 + 5*n + 1. Let f(z) = -2*z**2 + 10*z + 1. Let y(o) = 3*f(o) - 5*m(o). What is y(5)?
-2
Suppose 2*b + 8 = -4*i, b + 2 = -0*b. Let p(g) = 1 - 2*g + 2*g + 3*g. Let c be p(i). Let t(s) = 2*s**3 + s**2 - 2*s + 1. Determine t(c).
-7
Suppose -4*z + 5*z - 2 = 0. Let b(f) = 2*f - 1 - 2*f + z*f + 3. What is b(4)?
10
Let j(g) = -g**2 + 18*g - 37. Let m be j(16). Let h(t) = -t**3 - 5*t**2 + 2*t - 1. Give h(m).
-11
Let i(a) = a**3 - 4*a**2 + a + 1. Let f = -2 + 8. Suppose m - f = -2*t, -2*m + 15 = 5*t + 2*m. Give i(t).
-5
Let p(w) = -7*w**3 + w**2 + 2*w + 1. Let r = -6 - -5. Calculate p(r).
7
Let p(o) be the first derivative of o**4/12 - o**3/3 + o**2 - 9*o - 7. Let r(f) be the first derivative of p(f). Calculate r(2).
2
Let a(i) be the first derivative of -i**4/4 - i**3 - i**2 - i - 5. Let p be (-2)/7 - (-19)/(-7). What is a(p)?
5
Let g be (-2)/(-4) + (-18)/(-12). Let r(k) = g - 5*k + 5*k**2 - 6*k**2 + 2*k. What is r(-4)?
-2
Suppose 3 = 3*q - 15. Let s(t) = -2*t**2 + 8*t + 6. Determine s(q).
-18
Let i(p) = -2*p + 1. Suppose -r = 4*y - 26, -2*r + 3*r - 12 = -2*y. Calculate i(y).
-13
Let n(k) = -2*k + 5. Suppose 2*f = 3*r - 4, r + 2*r = 5*f - 8. Suppose 8 + 12 = r*c. Determine n(c).
-5
Let d(k) = -k**3 - 5*k**2 - k + 7. Let v(u) = 1. Let n = 1 - 6. Let p = n + 10. Let q(z) = p*v(z) - d(z). Determine q(-4).
10
Let r(w) = -w**2 + 8 + 4 - w - 1. Suppose 3*s + 2*d + 4 = 0, -10 = -4*s + 2*d + 8. Suppose 25 = 2*y + 2*p - 7*p, 3*p = s*y - 15. What is r(y)?
11
Let m be (-208)/(-56) + (-2)/(-7). Suppose 0 = -2*c - 12 + m. Let s(t) = -5*t - 12. Let f(h) = -3*h - 8. Let u(j) = -8*f(j) + 5*s(j). What is u(c)?
8
Suppose -9 = -5*z + 4*j, -5*z - 2*j - j = -2. Let y(a) = z + 4 + 0 - 4 - 11*a. Suppose 3*f + u + 8 = 0, 5*f + 5*u - 8 = -38. Give y(f).
12
Let g(p) = -3*p + 1 - 1 + p**3 - 2 + 3*p**2. Let a(k) = k**3 - 3*k**2 - 4*k - 3. Suppose i - 6 = -2. Let n be a(i). Determine g(n).
7
Let t(y) be the third derivative of -y**5/12 - y**3/6 + y**2. What is t(-1)?
-6
Let m be (-2)/(-11) - (-31)/11. Let g(s) = 1 + 3*s**3 - s - 2*s**3 - s + m*s**2. Let p = 1 - 5. What is g(p)?
-7
Let x(q) = q**3 - 6*q**2 - 7*q - 6. Suppose 0 = 4*g - 5 - 23. Give x(g).
-6
Let k(b) = b**2 + 13*b - 19. Let t be k(-15). Let y(x) = 8*x + 1 + t*x - 18*x. Let d(m) = -3*m. Let o be d(-1). Calculate y(o).
4
Let l(s) = -s**3 - 10*s**2 + 10*s + 7. Let t be l(-11). Let a = 13 - t. Let z(x) = -x**2 - 4*x - 2. Give z(a).
-7
Let o = -1 + 6. Let t(i) = -i**2 + 6*i - 4. Calculate t(o).
1
Suppose 2 = -2*p + 6. Let s be p/1 + 10/(-5). Let o(g) = -1 + g**2 + 0 - g + s*g. Determine o(-1).
1
Suppose c - 2 = -0. Let l(k) = -k**2 - k - 3*k**c - 3*k**2 - 4*k**2. Calculate l(-1).
-10
Let v(b) be the third derivative of b**5/30 + b**4/12 - b**3/6 + b**2. What is v(-2)?
3
Let r(a) = -a - 3. Let f(s) = -s**2 + 5*s - 6. Let v be f(5). Let o be r(v). Let z(y) = -1 + y**2 + 3 - 1 - 4*y. Determine z(o).
-2
Let x(o) = o + 1. Suppose -5 = -3*b + 2*q, q - 2*q = 5*b - 30. Suppose -7 = 2*u + b*j, 0 = -3*u - j + 8 + 1. Calculate x(u).
5
Suppose 5*m = 0, -3*j + 2*m + 15 = 3*m. Let h(f) = -1 + 5*f - 2*f - 1 - 3. Determine h(j).
10
Suppose i + 0*k + k = 3, 0 = 4*i - 4*k - 28. Let s(y) = -y + y + 0*y**2 + y**2 + 6 - 5*y. Calculate s(i).
6
Suppose 4*w + w = -4*u + 27, 3*w - 4*u + 3 = 0. Let m(k) = 3*k**3 - 2 - 4*k - 2*k**w + 5*k**2 - 2*k**3 + 3*k. Give m(4).
10
Let n(d) = -d**2 - d + 10. Let b(j) = -j**2 + 11. Let w(k) = -3*b(k) + 4*n(k). What is w(-5)?
2
Let d(w) = -w**3 - 11*w**2 + 2*w - 3. Let y(c) = -c**3 - 10*c**2 + 3*c - 2. Let f(i) = -5*d(i) + 6*y(i). What is f(-6)?
-9
Suppose 4*d + 3 = 19. Let y(v) = v**3 - 4*v**2 - 2*v + 6. Let u be y(d). Let w = u - 1. Let m(f) = -2*f + 2. What is m(w)?
8
Let w(x) = -x**3 - 4*x**2 + 5*x + 1. Let y(m) = -m + 2. Let s be y(3). Let t be (1 + 0)*(s - -11). Suppose 3*h + u = 5*u + 5, -5*h + 3*u - t = 0. What is w(h)?
1
Let w(x) = x + 3. Let m(y) = 2*y + 3. Let j be m(-6). Let t(n) = -5*n - 11. Let p(s) = j*w(s) - 2*t(s). Let g(u) = 2*u - 11. Let i be g(7). What is p(i)?
-2
Let r = -10 - -7. Let c(u) be the second derivative of -u**4/12 - u**3/2 - 2*u**2 - 4*u. Give c(r).
-4
Let w(f) = -2*f - 4*f**3 + 3*f**3 + 5*f**2 + 5*f. What is w(6)?
-18
Let z(u) = -272 + 549 - 276 + 3*u + u**2. What is z(-2)?
-1
Let q(o) = -4*o**2 + 82*o - 7 - o**3 + 0*o**2 - 79*o. What is q(-5)?
3
Let c(o) = -6*o**2 + 6*o + 2. Let x(u) = 7*u**2 - 7*u - 1. Let q(r) = -6*c(r) - 5*x(r). What is q(0)?
-7
Suppose 3*o + 2 - 8 = 0, 2*h - 3*o = 36. Let v be (2/(-6))/(7/h). Let n(m) = 4*m + 1. What is n(v)?
-3
Let a(d) = d**3 - 5*d**2 + 12. Let t be a(4). Let q = -3 - -5. Let k(f) = -4*f - 3*f**2 + 2*f**q + 3 - 2. Determine k(t).
1
Let s(r) = r + 5. Suppose -3*p = 10 + 11. What is s(p)?
-2
Suppose 2*r - 18 = 3*r. Let o be 43/(-9) - (-4)/r. Let b(t) = 0 + 7 - 2 - 5*t**2 - t**3. Calculate b(o).
5
Let k(l) = -l - 6. Let q be k(-8). Let y(w) = -4 - 3*w + w**q - 2*w**2 + 6 + 4*w. What is y(2)?
0
Let u = 9 - 14. Let n(h) = h**3 + 6*h**2 + 7*h + 7. Calculate n(u).
-3
Let x be (1/(-6))/(0 - (3 + -2)). Let f(g) be the second derivative of -x*g**3 + 0 + 5*g**2 + g. What is f(6)?
4
Let g(j) = -j + 18. Suppose 4*z + 4*b = -20, 7*b + 15 = 5*z + 4*b. What is g(z)?
18
Let f = -27 + 23. Let q(m) = 2*m + 2. What is q(f)?
-6
Let v(c) = 6*c**3. Let f be v(-1). Let m(o) = 3*o**2 + 4*o + 5. Let y(a) = 4*a**2 + 2*a + 4. Let j(q) = 3*m(q) - 2*y(q). Give j(f).
-5
Suppose -1 - 15 = -4*x. Let m(b) = b + x*b + b**3 + 0*b**3 + 5*b**2. Suppose -4*c + 16 = -8*c. Determine m(c).
-4
Let n(x) = 3*x**2 + 4*x + 5. Let a(o) = 4*o**2 + 5*o - 2 - 5*o**2 - 3*o - 4*o. Suppose -d + 1 = 6. Let v(w) = d*a(w) - 2*n(w). Calculate v(1).
1
Let y(a) = -6*a - 2. Let l(r) = r - 1. Suppose 0*i = -3*i - 3. Let q(k) = i*y(k) - 4*l(k). What is q(-6)?
-6
Suppose -2*t + 12 = 2*t. Let u = t - 6. Let s(d) = -d**3 - 3*d**2 + d. Calculate s(u).
-3
Suppose -g + 35 - 28 = 0. Let f(y) = -2*y + 11. What is f(g)?
-3
Let z be -19*(0 - 3)/3. Let t(u) = 3 - 4 - 15*u**2 + z*u**2. Give t(2).
15
Let p(i) = -4*i - 3. Let m(n) = 5*n + 2. Let u(d) 